of -560 + 558 + (0 - -18)?
16
What is -29 + 11 + 14 - (-1 - 23)?
20
Calculate -3 + 2 + (32 + -28 - (11 + -1)).
-7
What is the value of 2 + -1 - (-12 + -3 + (9 - 0))?
7
Evaluate -18 - (-9 + 7 + -15) - (-1 + -7).
7
What is -13 - (29 + -18 + 11 + 1)?
-36
Calculate 42 + -38 - (6 - (-7 - 9)).
-18
What is (1 - -5) + 15 + (-4 - -8) + -9?
16
Evaluate 1 + 1 - 0 - 13.
-11
What is the value of (6 - 1) + -26 + 30 + -11?
-2
Calculate -7 + -3 + 26 + (-1 + -4 - -5).
16
What is the value of (-10 - (-45 - -12 - -9)) + -24?
-10
Evaluate -3 + (-12 - (-8 + 4)).
-11
What is -16 - (7 + -3 + -9 + 4)?
-15
What is ((-2 - -4) + 3 + -11 - -1) + 2?
-3
Calculate (-16 - (3 + 2 + -4)) + (1062 - 1055).
-10
Calculate (19 + -48 - -43) + (1 - 1).
14
Calculate (15 - (16 + 2)) + 9.
6
5 - (-30 - -39) - (-3 + 2 - -6)
-9
What is the value of (-1 - (17 + -7)) + 2 + 19?
10
What is -9 + (-355 - -349 - (-4 - (-1 - 0)))?
-12
Calculate 7 + -36 + 6 + -1 + (-21 - -25).
-20
14 + 2 + (56 - 53) - (7 - 0)
12
What is 7 + 3 + -12 + -15 + 7?
-10
Calculate 3 + 0 + (39 - (-2 - -22)) - -2.
24
Evaluate 10 - -21 - (30 - 12).
13
Evaluate 8 + 0 + -5 + (-10 - -34 - 46).
-19
What is (0 - 2) + -1 + -9 + (-49 - -60)?
-1
What is the value of (19 - (15 + -7)) + -3 + -47?
-39
Calculate (-21 - -38) + (10 - 15).
12
What is 0 + -13 - ((6 - 0) + 18 + -20)?
-17
Evaluate 6 - (5 - -11) - 3 - 4.
-17
What is the value of -10 + (-8 + -8 - -8) + 6?
-12
What is 7 + (-8 - 0) - 5 - 10?
-16
8 + (-3 - 6) + (-12 - 6) + 2
-17
Evaluate -3 - (23 - 9) - (11 - 8 - 9).
-11
(-13 - -5) + -7 - 10 - -13
-12
Calculate (-27 - (1 - 5)) + (-8 + -1 - -14).
-18
5 + (-26 - -23 - 18)
-16
Calculate 30 - (52 - 18) - -11.
7
Evaluate -26 + 4 + -24 + 33.
-13
What is 2 + 1 - (7 - 36 - -26)?
6
Evaluate 1 - ((-5 - 3) + 13).
-4
(3 - 8) + 28 + -40
-17
What is the value of 12 + 10 + -25 + 19 - -6?
22
19 + -14 + 14 + -5 + -14
0
Calculate 1 - 3 - (-8 + 2 + 8).
-4
What is the value of -16 + -9 + 18 + (-13 - -1)?
-19
Calculate -2 - (-16 + 3) - (14 + 10).
-13
What is the value of 8 + (14 - 24 - -5)?
3
What is the value of 6 - (-13 + 1 + (-3 - -9))?
12
What is the value of -7 + 11 + -7 + -3 - (-2 + 9)?
-13
Evaluate 18 + -22 + 0 + 22.
18
Calculate 2 + -17 + 30 + -30 + (3 - 0).
-12
(-1 - 19) + 5 - (9 - 13)
-11
What is 20 - (-16 + (-3 - -33))?
6
Calculate -3 + 19 + (-31 - -10).
-5
Evaluate -3 + -2 - (360 + -354).
-11
What is 15 + (0 - 2) + 4 + 11?
28
-14 + 1 - (-6 + 18 - (7 - -1))
-17
What is 5 + 10 + -3 + (-3 - 5)?
4
What is 1 - 2 - ((-45 - -10) + 46)?
-12
-7 + 18 + (-3 - -6)
14
Evaluate 187 + -181 + 7 + -2 + 2 + -4.
9
What is the value of 8 - (1 + 0) - (-7 - (-28 + -9))?
-23
What is 38 + -32 + -4 + (1 - 9) - 7?
-13
Calculate (0 - 0) + (440 - 433).
7
Calculate (6 + -6 - (-10 + -1)) + -6.
5
What is the value of 257 - 292 - (-37 + -2)?
4
Calculate 16 + (2 - 11) - (19 - 5).
-7
-8 + (21 - -10) - 19
4
What is the value of 6 + 2 - (-47 + 56) - (16 + 2)?
-19
Calculate (-5 - 18) + 1 - 4 - -5 - -11.
-10
(-135 - -116 - (1 - 8)) + -4
-16
What is the value of -8 + -1 + 18 + -10?
-1
Evaluate (2 - -5 - 7) + -7.
-7
What is the value of (-4 - 12) + -208 + 214?
-10
Calculate (2 + -3 - -2) + -109 + 91.
-17
What is the value of 31 - (-3 - (10 - 17)) - 13?
14
Evaluate -13 + (-6 - -11 - (-3 - (2 + -7))).
-10
Calculate -18 + (-8 - -9) - (-3 - 6).
-8
Calculate -12 + (-14 - (-28 - 24)).
26
(-7 - (10 + -16)) + -1 + 5 + -3
0
What is 3 - (-13 - (-19 - -10)) - (5 - 1)?
3
Evaluate -5 - (-8 - (6 + -16)) - -17.
10
Evaluate 11 - (7 + -14 + 0).
18
What is 0 + -2 + (867 - 869)?
-4
Calculate 1 + -14 - -6 - (-2 + 1).
-6
What is 8 + (-6 + 1 - (13 - 4 - 19))?
13
Evaluate -8 + 1 - (-9 - -19).
-17
What is the value of -5 + (5 - -10) - 4 - (-13 + 8)?
11
Calculate (3 - 4) + (13 - 11) + -2.
-1
What is 14 - (7 + 2 - ((-19 - -9) + 17))?
12
-19 - (15 - (68 - 20))
14
What is the value of -11 + (-2 - -7) + (-42 + 12 - -12)?
-24
3 + 1 + 22 + -2 - (64 + -61)
21
(4 - (-9 - 15)) + -44
-16
What is 1 - -8 - (2 + -2 + -4 + 1)?
12
0 + -6 - -1 - (44 + -21 - 34)
6
What is the value of (-8 - (4 + -3)) + (5 - -26 - 9)?
13
Calculate -3110 + 3120 - (-1 + 1 + 0).
10
What is the value of (2 - (0 + 0)) + -6 + 971 + -960?
7
-15 - (-2 + -14 + 7)
-6
3 + 50 + -26 - 15
12
Calculate 6 + 11 + -5 - (-12 + 5).
19
What is -23 + 16 + (-6 - -13) + -10?
-10
What is the value of 5 + (-35 - (20 + -41))?
-9
Calculate (3 - (17 + -6)) + 9.
1
-7 - (12 + (-18 - -35))
-36
-9 + (-12 - -18) - -5
2
Calculate -1 - 26 - (-40 - -24).
-11
What is the value of (2 + -7 - -6) + (0 + -7 - -12)?
6
47 + (-22 - (17 + -21))
29
Evaluate 15 + (-1 + -2 - (0 - -2)) - 0.
10
Evaluate 2 + -21 + -2 + (-20 - -7) + 17.
-17
Evaluate -2 + -5 - (-26 - (25 - 47)).
-3
Evaluate (0 - -5) + 11 - 11.
5
What is the value of (-3 + 5 - -4) + (-49 - -64)?
21
What is 24 + 9 + (24 - 43)?
14
30 + 15 + -21 - 37
-13
What is (1 - -2) + -3 - (-39 - -39)?
0
What is 2 - (-12 + (14 + -12 - 2))?
14
Calculate -8 + (-6 + 32 - 4).
14
Evaluate -12 + (27 - (17 - 17)).
15
Evaluate 9 + -7 - (6 - (-4 + 9)).
1
Evaluate 44 + 34 + -80 + -34.
-36
What is -8 + 14 + -9 + -1?
-4
Calculate -1 + -13 - (-9 + 10 + -2).
-13
Evaluate (-31 - -18) + 5 - -10.
2
Calculate 574 - 582 - (1 - (2 - 20 - -2)).
-25
Evaluate -21 + (-8 - -19) + 35 + -3.
22
-16 - (-6 + (-3 - (4 + -4) - -1))
-8
Calculate (9 - (2 - 1) - 3) + (-86 - -74).
-7
What is the value of (-79 - -79) + (-2 - -3) + -6?
-5
What is 1 + -6 + 0 + (20 - 15) + 8?
8
Calculate -26 + -1 + 13 + (-23 - (-30 - -19)).
-26
Calculate 1 + -5 + 149 + -152.
-7
What is 9 + (-10 - (-18 + 10))?
7
What is (0 - 18) + (32 - (-32 - -18))?
28
What is (-3 - 1) + -2 + 4 + 6 + 11?
15
What is the value of 7 + 0 + -17 - 2?
-12
What is -11 + -2 + 14 + -7?
-6
What is the value of -7 + 3 + (13 - 35 - -38)?
12
What is (16 - 12) + 1 + 3 + (1 - 5)?
4
Calculate (45 - (56 + -27)) + (0 - (12 + -3)).
7
30 - 1 - ((22 - -11) + -15)
11
Evaluate -13 + -6 + 13 + -12 + 0.
-18
What is the value of 0 - (1 - (-9 - -22))?
12
Calculate 11 + -1 - (-1235 + 1254).
-9
Calculate (-27 - -6) + 55 + -22.
12
What is the value of 12 + 4 - 31 - -21?
6
Evaluate -2 - (-10 + 38 + (0 - -1)).
-31
What is the value of 3 - 8 - (-44 - -51)?
-12
What is 12 + -10 + -14 + 2 + -1 + 6?
-5
-21 + 24 + (-2 + 3 - 1) + -4
-1
Calculate 1 - 23 - (-27 + 15 + -5 + 9).
-14
Calculate -90 + 84 - ((-1 - 11) + 5).
1
-4 + (3 + 0 - 0)
-1
Calculate 20 - (1 - (-23 - -9)).
5
Evaluate (-7 - (-4 + (7 + -6 - -8))) + -10.
-22
What is the value of 1 + (0 - -2) + 19 + -1 + -8?
13
What is the value of -1 + 0 + -1 + (-50 - -78) + -23?
3
What is the value of 11 - ((1 - -3) + (18 - 18) + -20)?
27
-7 + (8 - -10) + -11 - 9
-9
Evaluate -9 - (1 - 20) - 0.
10
Evaluate (14 - (-8 + 9 - 1)) + 9.
23
What is the value of 34 + (10 - 30) - 20?
-6
What is -5 + (9 - 9 - 2) - -21?
14
Evaluate -10 + -1 + -28 + 36 + 19.
16
What is -21 + -3 + (59 - 17)?
18
Calculate (205 - 235) + -1 + 1.
-30
11 - (8 + -23 + 27)
-1
What is (2 - 10) + (0 + 6 - (-27 - -34))?
-9
Evaluate 3 + 7 - (16 - 15).
9
Evaluate 8 + 7 + (-1 - (8 - 13)).
19
(65 - 31) + (5 - 21)
18
What is -7 - (-18 + (-6 - -17))?
0
13 - -9 - 27 - (0 - 7)
2
What is the value of 0 - ((23 - 18) + (1 - 0 - -1))?
-7
What is the value of -536 + 544 - (3 + -1)?
6
What is the value of (-4 - 11 - -5 - 0) + 25?
15
Evaluate -32 + -4 + 7 - (18 - 13 - -1).
-35
Calculate 2 + 1 - (1 + 1) - (139 - 133).
-5
Evaluate 16 - (-15 - -17 - (3 + 0)).
17
What is (-13 - (-12 - -2)) + -2?
-5
Calculate 9 + (46 - 52 - (-3 - -2)) + 4.
8
What is (4 - (8 + -3)) + 4 + 2 + -17?
-12
Calculate -15 - 2 - (-28 + (10 - -8)).
-7
What is -1 + -3 + (-8 - (6 + -9 + -1))?
-8
What is 13 + -27 + -12 - (14 + -10)?
-30
What is the value of -6 - (-14 - (-3 + 0)) - (2 + 2)?
1
-22 - -44 - 14 - (1 - -37)
-30
Evaluate -5 - (6 - (-6 + 4 + 14 - 7)).
-6
What is 0 - (6 + (-6 - -3) - (8 + 3))?
8
What is the value of 0 + 6 + 1 + (-3 - -6)?
10
Calculate -49 + 45 + 23 + -2 + -5.
12
Calculate 3 + -3 + 27 - 21.
6
Calculate -13 - (-10 + (12 - 10)).
-5
What is 393 + -398 - (-8 + 0 - 0)?
3
What is the value of (192 - 166) + 1 + -5 + 12?
34
Evaluate -21 + -5 + 23 + -52 + 20.
-35
-213 + 214 + (-11 - -2 - 1)
-9
Evaluate 5 + (-2 - 6) + -120 + 140.
17
(13 + -27 + 27 - 18) + (-11 - -3)
-13
What is 9 + (28 - (6 - -12) - (1 + 1))?
17
Evaluate 14 + (-15 - (5 - 4)).
-2
(9 - 31) + 0 - 14
-36
Evaluate (